{"id":2,"date":"2014-02-19T15:04:58","date_gmt":"2014-02-19T18:04:58","guid":{"rendered":"http:\/\/fonocal-discos.com.ar\/fonocal-discos\/?page_id=2"},"modified":"2025-05-08T17:29:09","modified_gmt":"2025-05-08T20:29:09","slug":"quienes-somos","status":"publish","type":"page","link":"http:\/\/fonocal-discos.com.ar\/fonocal-discos\/quienes-somos\/","title":{"rendered":"Fonocal Discos"},"content":{"rendered":"\n<p>\u25bc De  Argentina  hacia el  Mundo  \u25bc<\/p>\n\n\n<h2><strong><br>NUESTRA HISTORIA<\/strong><\/h2>\n<p><a href=\"http:\/\/fonocal-discos.com.ar\/fonocal-discos\/wp-content\/uploads\/2014\/02\/foto-fonocal-historia.jpg\"><img loading=\"lazy\" class=\"size-full wp-image-45 alignleft\" src=\"http:\/\/fonocal-discos.com.ar\/fonocal-discos\/wp-content\/uploads\/2014\/02\/foto-fonocal-historia.jpg\" alt=\"foto-fonocal-historia\" width=\"222\" height=\"286\"><\/a><br>El proyecto nace en 1986, con la idea de ocupar un espacio en la difusi\u00f3n de la m\u00fasica de destacados artistas argentinos de incuestionable trayectoria y calidad musical, y de aquellos nuevos artistas que por tocar g\u00e9neros no masivos se encontraban ante la dificultad de poder plasmar sus obras en producciones discogr\u00e1ficas. Ambos titulares de la empresa tienen una larga trayectoria en la industria, donde pudieron desarrollarse en todos los aspectos de la misma.<br>Recorrieron cada rinc\u00f3n del pa\u00eds representando empresas del disco y as\u00ed descubriendo talentos en todo el territorio. Hoy es una de las compa\u00f1\u00edas discogr\u00e1ficas con una clara proyecci\u00f3n a nuevos artistas de tango y folklore, y otros ya consagrados. Es una impulsora de los Grupos Vocales de Argentina, donde participan tanto los grupos con historia como otros de distintos puntos del pa\u00eds, d\u00e1ndole un car\u00e1cter federal a la compa\u00f1\u00eda. Fonocal contiene en su cat\u00e1logo importantes trabajos de Jazz y M\u00fasica Cl\u00e1sica.<br>Licencias del exterior nutren al sello con artistas Brasileros, cubanos, espa\u00f1oles, etc. Miembros de CAPIF y sello reconocido por SADAIC. Fonocal es uno de los sellos que impuls\u00f3 la uni\u00f3n de los sellos independientes para lograr estrategias en defensa del soporte y de los artistas.<\/p>\n<hr>\n<h2><strong>&nbsp; &nbsp; &nbsp; &nbsp; &nbsp; &nbsp; &nbsp; &nbsp; &nbsp; &nbsp; &nbsp; &nbsp; &nbsp; &nbsp; &nbsp; &nbsp; &nbsp; &nbsp; &nbsp; &nbsp;NUESTRO EQUIPO:<\/strong><\/h2>\n\n\n<figure class=\"wp-block-image size-full is-resized\"><img loading=\"lazy\" src=\"http:\/\/fonocal-discos.com.ar\/fonocal-discos\/wp-content\/uploads\/2024\/03\/edu-2.jpg\" alt=\"\" class=\"wp-image-1332\" width=\"185\" height=\"147\" srcset=\"http:\/\/fonocal-discos.com.ar\/fonocal-discos\/wp-content\/uploads\/2024\/03\/edu-2.jpg 416w, http:\/\/fonocal-discos.com.ar\/fonocal-discos\/wp-content\/uploads\/2024\/03\/edu-2-150x120.jpg 150w, http:\/\/fonocal-discos.com.ar\/fonocal-discos\/wp-content\/uploads\/2024\/03\/edu-2-188x150.jpg 188w\" sizes=\"(max-width: 185px) 100vw, 185px\" \/><figcaption><strong>\u266bEduardo Calcagno:<\/strong><br><em><strong>Director<\/strong><\/em><br>*Treinta y cinco a\u00f1os lo ligan a la industria, empezando desde muy joven en el dep\u00f3sito de un sello haciendo paquetes, luego se dedic\u00f3 a la venta tanto en Buenos Aires como en todo el interior del pa\u00eds.<br><\/figcaption><\/figure>\n\n\n\n<figure class=\"wp-block-image size-full is-resized\"><img loading=\"lazy\" src=\"http:\/\/fonocal-discos.com.ar\/fonocal-discos\/wp-content\/uploads\/2024\/03\/Piero.jpg\" alt=\"\" class=\"wp-image-1333\" width=\"177\" height=\"177\" srcset=\"http:\/\/fonocal-discos.com.ar\/fonocal-discos\/wp-content\/uploads\/2024\/03\/Piero.jpg 956w, http:\/\/fonocal-discos.com.ar\/fonocal-discos\/wp-content\/uploads\/2024\/03\/Piero-300x300.jpg 300w, http:\/\/fonocal-discos.com.ar\/fonocal-discos\/wp-content\/uploads\/2024\/03\/Piero-768x768.jpg 768w, http:\/\/fonocal-discos.com.ar\/fonocal-discos\/wp-content\/uploads\/2024\/03\/Piero-150x150.jpg 150w, http:\/\/fonocal-discos.com.ar\/fonocal-discos\/wp-content\/uploads\/2024\/03\/Piero-149x150.jpg 149w\" sizes=\"(max-width: 177px) 100vw, 177px\" \/><figcaption><strong>\u266bPiero Carp\u00edn<\/strong><br><strong>Curador discogr\u00e1fico <\/strong><\/figcaption><\/figure>\n\n\n\n<figure class=\"wp-block-image size-full is-resized\"><img loading=\"lazy\" src=\"http:\/\/fonocal-discos.com.ar\/fonocal-discos\/wp-content\/uploads\/2024\/03\/clauuu.jpg\" alt=\"\" class=\"wp-image-1336\" width=\"173\" height=\"160\" srcset=\"http:\/\/fonocal-discos.com.ar\/fonocal-discos\/wp-content\/uploads\/2024\/03\/clauuu.jpg 201w, http:\/\/fonocal-discos.com.ar\/fonocal-discos\/wp-content\/uploads\/2024\/03\/clauuu-150x139.jpg 150w, http:\/\/fonocal-discos.com.ar\/fonocal-discos\/wp-content\/uploads\/2024\/03\/clauuu-162x150.jpg 162w\" sizes=\"(max-width: 173px) 100vw, 173px\" \/><figcaption><strong>\u266bClaudia Woschinski<\/strong><br><strong><em>Ventas  &#8211; Redes Sociales &#8211; Contenido P\u00e1gina Web<\/em><\/strong><\/figcaption><\/figure>\n","protected":false},"excerpt":{"rendered":"<p>\u25bc De Argentina hacia el Mundo \u25bc NUESTRA HISTORIA El proyecto nace en 1986, con la idea de ocupar un espacio en la difusi\u00f3n de la m\u00fasica de destacados artistas argentinos de incuestionable trayectoria y calidad musical, y de aquellos nuevos artistas que por tocar g\u00e9neros no masivos se encontraban \u2026 <a class=\"continue-reading-link\" href=\"http:\/\/fonocal-discos.com.ar\/fonocal-discos\/quienes-somos\/\"> Continue reading <span class=\"meta-nav\">&rarr; <\/span><\/a><\/p>\n","protected":false},"author":1,"featured_media":0,"parent":0,"menu_order":1,"comment_status":"closed","ping_status":"closed","template":"","meta":[],"_links":{"self":[{"href":"http:\/\/fonocal-discos.com.ar\/fonocal-discos\/wp-json\/wp\/v2\/pages\/2"}],"collection":[{"href":"http:\/\/fonocal-discos.com.ar\/fonocal-discos\/wp-json\/wp\/v2\/pages"}],"about":[{"href":"http:\/\/fonocal-discos.com.ar\/fonocal-discos\/wp-json\/wp\/v2\/types\/page"}],"author":[{"embeddable":true,"href":"http:\/\/fonocal-discos.com.ar\/fonocal-discos\/wp-json\/wp\/v2\/users\/1"}],"replies":[{"embeddable":true,"href":"http:\/\/fonocal-discos.com.ar\/fonocal-discos\/wp-json\/wp\/v2\/comments?post=2"}],"version-history":[{"count":50,"href":"http:\/\/fonocal-discos.com.ar\/fonocal-discos\/wp-json\/wp\/v2\/pages\/2\/revisions"}],"predecessor-version":[{"id":1762,"href":"http:\/\/fonocal-discos.com.ar\/fonocal-discos\/wp-json\/wp\/v2\/pages\/2\/revisions\/1762"}],"wp:attachment":[{"href":"http:\/\/fonocal-discos.com.ar\/fonocal-discos\/wp-json\/wp\/v2\/media?parent=2"}],"curies":[{"name":"wp","href":"https:\/\/api.w.org\/{rel}","templated":true}]}}

<p>▼ De  Argentina  hacia el  Mundo  ▼</p>


<h2><strong><br>NUESTRA HISTORIA</strong></h2>
<p><a href="http://fonocal-discos.com.ar/fonocal-discos/wp-content/uploads/2014/02/foto-fonocal-historia.jpg"><img loading="lazy" class="size-full wp-image-45 alignleft" src="http://fonocal-discos.com.ar/fonocal-discos/wp-content/uploads/2014/02/foto-fonocal-historia.jpg" alt="foto-fonocal-historia" width="222" height="286"></a><br>El proyecto nace en 1986, con la idea de ocupar un espacio en la difusión de la música de destacados artistas argentinos de incuestionable trayectoria y calidad musical, y de aquellos nuevos artistas que por tocar géneros no masivos se encontraban ante la dificultad de poder plasmar sus obras en producciones discográficas. Ambos titulares de la empresa tienen una larga trayectoria en la industria, donde pudieron desarrollarse en todos los aspectos de la misma.<br>Recorrieron cada rincón del país representando empresas del disco y así descubriendo talentos en todo el territorio. Hoy es una de las compañías discográficas con una clara proyección a nuevos artistas de tango y folklore, y otros ya consagrados. Es una impulsora de los Grupos Vocales de Argentina, donde participan tanto los grupos con historia como otros de distintos puntos del país, dándole un carácter federal a la compañía. Fonocal contiene en su catálogo importantes trabajos de Jazz y Música Clásica.<br>Licencias del exterior nutren al sello con artistas Brasileros, cubanos, españoles, etc. Miembros de CAPIF y sello reconocido por SADAIC. Fonocal es uno de los sellos que impulsó la unión de los sellos independientes para lograr estrategias en defensa del soporte y de los artistas.</p>
<hr>
<h2><strong>&nbsp; &nbsp; &nbsp; &nbsp; &nbsp; &nbsp; &nbsp; &nbsp; &nbsp; &nbsp; &nbsp; &nbsp; &nbsp; &nbsp; &nbsp; &nbsp; &nbsp; &nbsp; &nbsp; &nbsp;NUESTRO EQUIPO:</strong></h2>


<figure class="wp-block-image size-full is-resized"><img loading="lazy" src="http://fonocal-discos.com.ar/fonocal-discos/wp-content/uploads/2024/03/edu-2.jpg" alt="" class="wp-image-1332" width="185" height="147" srcset="http://fonocal-discos.com.ar/fonocal-discos/wp-content/uploads/2024/03/edu-2.jpg 416w, http://fonocal-discos.com.ar/fonocal-discos/wp-content/uploads/2024/03/edu-2-150x120.jpg 150w, http://fonocal-discos.com.ar/fonocal-discos/wp-content/uploads/2024/03/edu-2-188x150.jpg 188w" sizes="(max-width: 185px) 100vw, 185px" /><figcaption><strong>♫Eduardo Calcagno:</strong><br><em><strong>Director</strong></em><br>*Treinta y cinco años lo ligan a la industria, empezando desde muy joven en el depósito de un sello haciendo paquetes, luego se dedicó a la venta tanto en Buenos Aires como en todo el interior del país.<br></figcaption></figure>



<figure class="wp-block-image size-full is-resized"><img loading="lazy" src="http://fonocal-discos.com.ar/fonocal-discos/wp-content/uploads/2024/03/Piero.jpg" alt="" class="wp-image-1333" width="177" height="177" srcset="http://fonocal-discos.com.ar/fonocal-discos/wp-content/uploads/2024/03/Piero.jpg 956w, http://fonocal-discos.com.ar/fonocal-discos/wp-content/uploads/2024/03/Piero-300x300.jpg 300w, http://fonocal-discos.com.ar/fonocal-discos/wp-content/uploads/2024/03/Piero-768x768.jpg 768w, http://fonocal-discos.com.ar/fonocal-discos/wp-content/uploads/2024/03/Piero-150x150.jpg 150w, http://fonocal-discos.com.ar/fonocal-discos/wp-content/uploads/2024/03/Piero-149x150.jpg 149w" sizes="(max-width: 177px) 100vw, 177px" /><figcaption><strong>♫Piero Carpín</strong><br><strong>Curador discográfico </strong></figcaption></figure>



<figure class="wp-block-image size-full is-resized"><img loading="lazy" src="http://fonocal-discos.com.ar/fonocal-discos/wp-content/uploads/2024/03/clauuu.jpg" alt="" class="wp-image-1336" width="173" height="160" srcset="http://fonocal-discos.com.ar/fonocal-discos/wp-content/uploads/2024/03/clauuu.jpg 201w, http://fonocal-discos.com.ar/fonocal-discos/wp-content/uploads/2024/03/clauuu-150x139.jpg 150w, http://fonocal-discos.com.ar/fonocal-discos/wp-content/uploads/2024/03/clauuu-162x150.jpg 162w" sizes="(max-width: 173px) 100vw, 173px" /><figcaption><strong>♫Claudia Woschinski</strong><br><strong><em>Ventas  &#8211; Redes Sociales &#8211; Contenido Página Web</em></strong></figcaption></figure>

<p>▼ De Argentina hacia el Mundo ▼ NUESTRA HISTORIA El proyecto nace en 1986, con la idea de ocupar un espacio en la difusión de la música de destacados artistas argentinos de incuestionable trayectoria y calidad musical, y de aquellos nuevos artistas que por tocar géneros no masivos se encontraban … <a class="continue-reading-link" href="http://fonocal-discos.com.ar/fonocal-discos/quienes-somos/"> Continue reading <span class="meta-nav">&rarr; </span></a></p>
